umber?
False
Is 260057587 a composite number?
True
Is 1254245093 a prime number?
True
Is 920590271 composite?
False
Is 6845055571 a prime number?
False
Is 96612372399 prime?
False
Is 6527419853 a composite number?
False
Is 38550756931 a composite number?
False
Is 140503183861 a composite number?
False
Is 142815731 a prime number?
False
Is 667088663 a composite number?
False
Is 36658235059 a composite number?
True
Is 13803260417 a composite number?
False
Is 2671366927 composite?
True
Is 36988001473 prime?
True
Is 814647793 a prime number?
True
Is 1189313782 composite?
True
Is 4310029571 a composite number?
True
Is 97890891863 a composite number?
False
Is 102189853237 composite?
False
Is 1339805657 composite?
False
Is 4283000627 prime?
False
Is 539403299 composite?
False
Is 72434744611 a composite number?
True
Is 596301443 prime?
True
Is 86237612501 a composite number?
False
Is 133945358431 a composite number?
True
Is 11192584615 a composite number?
True
Is 425535191 composite?
True
Is 8750584459 a composite number?
False
Is 1306161217 a prime number?
False
Is 108730821509 a prime number?
False
Is 10103121277 prime?
True
Is 5389386377 a composite number?
True
Is 3014509067 a prime number?
True
Is 18325800659 prime?
False
Is 36931931 prime?
True
Is 1438710751 a prime number?
True
Is 76534039259 composite?
True
Is 2616414895 a prime number?
False
Is 14125949749 a prime number?
True
Is 138860322683 composite?
True
Is 19827887479 a prime number?
True
Is 73729263 prime?
False
Is 4725882817 prime?
True
Is 4175782679 prime?
True
Is 27519987797 prime?
True
Is 90434558633 a composite number?
True
Is 1876506117 a prime number?
False
Is 294543391 a composite number?
False
Is 6281228419 prime?
True
Is 70422473951 a prime number?
False
Is 8509995691 prime?
True
Is 49345160383 prime?
True
Is 5177299541 prime?
False
Is 495615497 a composite number?
True
Is 2645997221 prime?
False
Is 6663758477 prime?
False
Is 179022881483 a composite number?
False
Is 42459811661 composite?
False
Is 386028535 composite?
True
Is 498982403 a prime number?
True
Is 53916227 a prime number?
True
Is 5941016507 a composite number?
False
Is 525278107 composite?
True
Is 2599065527 prime?
False
Is 5063385011 a prime number?
True
Is 3265822711 composite?
False
Is 13930379 prime?
False
Is 162952775023 a composite number?
True
Is 235028449 prime?
True
Is 974607947 a prime number?
True
Is 599568311 composite?
False
Is 54972383117 composite?
False
Is 24335944627 a composite number?
True
Is 38202210273 a prime number?
False
Is 2371584329 a prime number?
False
Is 1334661599 prime?
True
Is 142604695049 prime?
True
Is 207298638029 a prime number?
False
Is 236481191 prime?
False
Is 46842441718 a composite number?
True
Is 48868922441 a prime number?
False
Is 94256059 a composite number?
True
Is 4227252941 composite?
False
Is 348305066 a composite number?
True
Is 2243805887 composite?
True
Is 68513110279 composite?
False
Is 121174450921 a composite number?
False
Is 680859661 a prime number?
False
Is 300294717 composite?
True
Is 78544710283 prime?
False
Is 5417231077 prime?
True
Is 1607657629 a composite number?
True
Is 335941937 composite?
False
Is 3219379151 a prime number?
False
Is 256150417 prime?
False
Is 32320427 a prime number?
False
Is 2635662119 a composite number?
False
Is 11704061569 composite?
False
Is 13454989231 a composite number?
False
Is 730596309409 prime?
True
Is 2862304301 composite?
False
Is 65195826407 prime?
False
Is 185811181 a composite number?
True
Is 231678121 a composite number?
False
Is 207582649 a composite number?
False
Is 12907708193 a composite number?
False
Is 739545299 a composite number?
False
Is 1111490239 composite?
False
Is 43724739217 a prime number?
False
Is 10142901007 a composite number?
True
Is 2012593273 prime?
False
Is 198903565789 composite?
False
Is 819530518 prime?
False
Is 983506049 a composite number?
True
Is 269151527 a prime number?
False
Is 255152459 a composite number?
False
Is 351338453 composite?
True
Is 361321031 composite?
False
Is 7666133259 a prime number?
False
Is 35577580673 composite?
True
Is 2021171741 a composite number?
True
Is 1559741357 composite?
False
Is 24617562449 composite?
True
Is 109571590045 prime?
False
Is 42957874697 composite?
False
Is 2328125927 a composite number?
False
Is 57665601622 composite?
True
Is 479141323 composite?
True
Is 397323593 a prime number?
True
Is 17929553191 a composite number?
True
Is 18494025191 a composite number?
False
Is 1202090921 composite?
False
Is 805891795 a composite number?
True
Is 20407477921 prime?
False
Is 88355429 prime?
False
Is 3516988219 composite?
False
Is 56873227569 composite?
True
Is 72291330271 a composite number?
True
Is 12870160571 a composite number?
False
Is 7244331529 a prime number?
False
Is 18367902671 a composite number?
True
Is 641638229 a prime number?
True
Is 61540525883 a prime number?
True
Is 155686560787 prime?
False
Is 36733050583 a prime number?
False
Is 37761208153 prime?
True
Is 14574367079 a prime number?
False
Is 983831369 a composite number?
True
Is 28205065037 a composite number?
True
Is 46570730977 a composite number?
False
Is 2219595863 a prime number?
False
Is 1690580701 prime?
True
Is 4886827367 a prime number?
False
Is 9160800557 a composite number?
True
Is 1467851449 a prime number?
False
Is 3408690394 composite?
True
Is 38714225203 composite?
False
Is 966278855 a prime number?
False
Is 1460066329 a composite number?
True
Is 3140482229 prime?
True
Is 13205216705 prime?
False
Is 816844607 a prime number?
True
Is 575869465 prime?
False
Is 739222511 composite?
True
Is 359083321 composite?
True
Is 1829396093 composite?
True
Is 656320061 a prime number?
True
Is 157728911 prime?
False
Is 24660250067 prime?
True
Is 128478631729 a prime number?
False
Is 4041490147 composite?
True
Is 76046885 a prime number?
False
Is 21101417 composite?
True
Is 18161419709 a prime number?
False
Is 539284963 composite?
True
Is 579304381 composite?
True
Is 6005697703 composite?
True
Is 40496672477 a prime number?
False
Is 2136926611 prime?
False
Is 12771301139 a prime number?
True
Is 103198105267 a composite number?
True
Is 573019703 prime?
False
Is 11348264819 a prime number?
False
Is 3278415649 a prime number?
False
Is 66941461007 a prime number?
False
Is 193123859233 composite?
False
Is 7217864183 a composite number?
False
Is 27224946923 a prime number?
False
Is 168452567623 prime?
True
Is 1567418257 prime?
False
Is 309727837 a composite number?
False
Is 7842554149 prime?
False
Is 3607332605 a composite number?
True
Is 19692943669 composite?
True
Is 14720411161 composite?
False
Is 454849979 a prime number?
True
Is 283798247 prime?
False
Is 656057513 a prime number?
False
Is 481974641 prime?
True
Is 140739917 prime?
True
Is 1205585903 a composite number?
False
Is 4358584357 a prime number?
True
Is 10709531047 prime?
False
Is 17333993363 prime?
False
Is 3665201117 composite?
False
Is 2005807931 a prime number?
False
Is 1214086397 composite?
False
Is 280372063 composite?
True
Is 74606942461 a prime number?
False
Is 118846243 a composite number?
True
Is 3632681337 prime?
False
Is 138051417877 composite?
False
Is 3706098961 a prime number?
True
Is 2900267393 prime?
False
Is 3559372547 a composite number?
True
Is 361327243 prime?
True
Is 465319609 a prime number?
True
Is 5272540187 a prime number?
True
Is 4599090017 a prime number?
False
Is 4488082537 prime?
True
Is 35516171 composite?
True
Is 334932260737 prime?
False
Is 1046024731 a prime number?
False
Is 4297347611 prime?
True
Is 1570993345 composite?
True
Is 6837097733 a prime number?
True
Is 5605749427 prime?
True
Is 1159335791 a prime number?
False
Is 38061140371 a prime number?
False
Is 226944757 prime?
False
Is 30891900373 a composite number?
True
Is 16085172377 prime?
True
Is 1924924741 a composite number?
True
Is 2933857177 a prime number?
False
Is 74071667057 a composite number?
False
Is 108391342259 a composite number?
True
Is 153785587937 a composite number?
True
Is 9797567543 a prime number?
True
Is 6157078561 a prime number?
False
Is 348633979 a prime number?
True
Is 1336314506 a prime number?
False
Is 5850229961 composite?
False
Is 3519050851 a composite number?
False
Is 79214251 a prime number?
False
Is 26897